ppose 36*o - 285 = -465. Let z(v) = -v**3 - 5*v**2 - 8*v - 3. Give z(o).
37
Suppose -2*d + 3*t + 31 = -0*d, t = -1. Let w(s) = 15*s**2 + 3*s - d*s**2 + s. What is w(-6)?
12
Let a(v) = -2*v + 7. Let j(y) = -y**2 - 26*y - 61. Let p be j(-23). What is a(p)?
-9
Suppose 0 = 5*g + 14 - 39. Suppose -5 = 2*j - 3*q - 3, -g*j = -3*q + 5. Let w(o) = -2*o + 1. Calculate w(j).
3
Let c(i) = 7*i**2 + 3*i + 1. Let x(b) = b**2 + b. Let m(a) = c(a) - 6*x(a). Calculate m(5).
11
Let v(o) = -22*o**2 - 49*o - 30. Let z(c) = -5*c**2 - 12*c - 7. Let a(n) = 2*v(n) - 9*z(n). What is a(-11)?
14
Let z(d) = 3*d**2 - 35*d - 2*d**2 - 24*d + 49*d. Calculate z(10).
0
Suppose -c = -3*y - 18, 3*c - 34 + 2 = -2*y. Let o(x) = c*x**3 + 1 - 3*x - 2*x**3 - 9*x**3. Calculate o(2).
3
Let k(r) = 14*r**2 - r - 2. Let n be k(2). Suppose 5*y + n = 22. Let c = y - -6. Let j(s) = s**2 + 6. Calculate j(c).
6
Let p(j) = -3*j**2 - 6*j**2 - 1 - 11*j**2 + 21*j**2 - 13*j**3. Give p(1).
-13
Let l(v) = v - 4 + 4*v**2 - 11*v**3 + 4*v + 2*v**2 + 10*v**3. Give l(7).
-18
Let l(m) be the first derivative of m**5/20 - 7*m**4/12 + m**3 - m**2/2 + 32*m - 4. Let z(d) be the first derivative of l(d). Calculate z(6).
-1
Let l = -32 + 31. Let m(u) = 3*u**3 + 3*u + 2. Determine m(l).
-4
Let k(r) = 4*r**2 + 2*r - 8. Let o(p) = -7*p**2 - p + 15. Let c(f) = 5*k(f) + 3*o(f). Give c(6).
11
Let o(j) = -j**3 - 1 + 64*j**2 - 118*j**2 - 2*j + 57*j**2. Let s be o(2). Let n(k) = -8*k**2 - k. What is n(s)?
-7
Let t(g) = -g**2 - 4*g - 2. Let q = -138 + 131. Let z be 12/(-42) + 26/q. Give t(z).
-2
Let l(v) = v - 4. Let o be (-8)/(-16)*1*-10. Calculate l(o).
-9
Let j(x) be the first derivative of x**3 - 3*x**2 + 11*x + 9 - 1/12*x**4. Let c(o) be the first derivative of j(o). Give c(6).
-6
Let u(b) = 3*b + 6. Let r(l) = 7*l + 13. Let v(m) = -3*r(m) + 5*u(m). Calculate v(-5).
21
Let j(t) be the second derivative of 0 + 0*t**2 + 1/6*t**3 + 12*t. Calculate j(-3).
-3
Suppose 3*c = -2*c. Suppose 4*p + 3*h - 279 = -c*h, -2*p + 3*h = -117. Let k be p/(-18) - (-2)/3. Let i(y) = -3*y - 4. Give i(k).
5
Let p(h) = -h**3 + 5*h**2 + 4. Let d(i) be the first derivative of 3*i**2 - 13*i + 20. Let b be d(3). Give p(b).
4
Let k(l) = -l - 2. Let c(b) = b**2 - 10*b - 6. Let u be c(11). Suppose -4*r - 3*g = -12, 9*g - 6*g - 18 = -u*r. What is k(r)?
-8
Let i(n) be the first derivative of n**3/3 - 11*n**2/2 + 2*n - 214. Determine i(11).
2
Let j be 14/(-56)*(1 - (2 - 13)). Let o(f) = -f**2 + f + 2. Give o(j).
-10
Let x = 6 + -1. Let o(q) = 2*q**2 + 23125*q - 4*q**2 - 2 - 4 - 23122*q + q**2. Calculate o(x).
-16
Let n(i) = -i**3 - 3*i**2 + 3*i - 4. Let j(u) = -u**2 + 5*u - 4. Let d be j(4). Suppose 2*b + 8 = -d*b. Give n(b).
0
Let z(p) be the third derivative of -p**4/8 + 2*p**3/3 - 55*p**2 - 2. Determine z(3).
-5
Let c be -33*(-3)/(-36)*4. Let f(r) = -r**2 - 11*r + 6. Determine f(c).
6
Let j(x) = 1 + 6*x - 2 + 1 + x**2. What is j(-7)?
7
Let t(u) = u**2 + 21*u - 20. Let v be t(-22). Let d(x) = 4*x**3 - 2*x**2 - 3*x + 3. What is d(v)?
21
Let n(t) = 1 - 80*t**2 - 2 - t**3 + 38*t**2 - 5*t + 47*t**2. Suppose -3 = -r + 2, -2*r = -3*g + 2. Determine n(g).
-5
Let i(j) be the second derivative of -5*j - 11/60*j**5 + 1/24*j**4 - 1/6*j**3 + 0 + 2*j**2. Let m(o) be the first derivative of i(o). Calculate m(1).
-11
Let q(z) = -z**3 + z**2 - z + 1. Let l = 97 - 96. Let y be ((-1)/l + 3)/(1 - -1). Give q(y).
0
Let r(p) be the first derivative of -11*p**3/3 - p**2 + p - 49. What is r(1)?
-12
Let r(j) = 13*j. Let h(t) = 29*t. Let x(s) = 3*h(s) - 7*r(s). Determine x(2).
-8
Let y(v) = -6 + 6*v + 3*v**2 - 2*v - 4*v**2. Suppose -36*g + 29 + 111 = -g. What is y(g)?
-6
Let f(s) = 2*s**3 - 3*s**2 - 2*s - 5. Let v be f(0). Let w(t) = 14*t + 2. Let b(k) = 5*k + 1. Let o(z) = -8*b(z) + 3*w(z). Determine o(v).
-12
Suppose -4*n = -8, -5*u - 4*n - 44 = -n. Let b = u + 14. Suppose -4*t + 35 = 5*s - 0*t, 4*s = b*t - 8. Let i(o) = -o**3 + 3*o**2 + o - 3. Determine i(s).
0
Let a(f) = -44 - f + 18 + 21. Determine a(11).
-16
Suppose -t = l + 1 + 5, -l = -2*t. Let u(k) = k**3 + 6*k**2 + 3*k + 6. Give u(l).
26
Let z = 44 - 45. Let m(i) = 2*i**2 - 3*i - 2. Determine m(z).
3
Suppose -w - v = w + 5, -4*v + 4 = 0. Let u(b) = -4*b - 1. Calculate u(w).
11
Let g(v) = v - 7. Let n(k) = 2*k**2 + 9*k + 10. Let i be n(-5). Suppose -i*z = -11*z. Determine g(z).
-7
Let a(d) = -4*d + 1. Suppose 3*u - 4*t - 6 = 0, -5*u - 6*t + 5*t - 13 = 0. What is a(u)?
9
Let w(n) = -9*n + 21. Let v(z) = 12*z - 32. Let m(s) = 5*v(s) + 7*w(s). What is m(-4)?
-1
Let w(u) = 13*u + 13*u**2 + 14 - 29*u**2 + 6*u**2 + 7*u**2 + 4*u**2. Determine w(-13).
14
Let j(v) be the second derivative of -v**4/12 - 3*v**3/2 - 3*v**2/2 + v. Let r(y) = 396*y - 3177. Let w be r(8). Calculate j(w).
-3
Let b be 6/(-21) - 120/(-28). Let s(l) = -l - 1. Let w(h) = -3*h - 1. Let v(a) = b*s(a) - w(a). What is v(3)?
-6
Let w(j) be the second derivative of 0 + 1/120*j**6 - 7/60*j**5 - 3/2*j**2 + j - 1/6*j**3 + 7/24*j**4. Let d(g) be the first derivative of w(g). Calculate d(6).
5
Suppose -4*q = 0, 0 = 5*i - 2*i + 5*q. Suppose 7*v + i = 21. Let d(r) = -16*r + 10. Let w(p) = -3*p + 2. Let c(j) = -2*d(j) + 11*w(j). Calculate c(v).
-1
Let a(g) = -4*g**2 + g - 2. Let l be 170/68*8/10. What is a(l)?
-16
Let p = -7 - -3. Let v(j) = -1 + 895*j - 451*j - 445*j. Give v(p).
3
Let j be (-1)/(-3) + (-50)/15. Suppose -6*p + 2*p = -8. Let k(i) = p - 1 - 2*i + 0 - i**2. Determine k(j).
-2
Let a be (-2)/10 + 62/10. Suppose -15 = 5*u, -a*s + 26 = -2*s + 2*u. Let x(m) = m**2 - 7*m - 3. Calculate x(s).
5
Let m be (-2 - 242/(-33)) + (-20)/(-12). Let p(c) = -c**3 + 7*c**2 - 3. Determine p(m).
-3
Suppose -20 = -45*i + 41*i. Suppose i*f + 7 = -2*f. Let w(g) = 6*g + 1. Determine w(f).
-5
Let y(c) = c**2 - 13*c - 16. Let g(b) = -2*b**2 + 14*b + 17. Let w(h) = -2*g(h) - 3*y(h). Give w(-8).
-10
Let w(o) = -3*o + 4. Suppose -87*p + 97 + 251 = 0. Determine w(p).
-8
Let y(s) = s**2 - 8*s + 10. Let b = -45 + 22. Let j = 30 + b. Give y(j).
3
Let c(f) = 5*f - 3*f - 4*f**2 + 4 + f**3 + f. Let z be c(4). Let u be 4*2*(-6)/z. Let i(l) = -l**3 - l**2 + 3*l + 3. Calculate i(u).
12
Let n(x) = x**3 + x**2 - 3*x - 2. Let a be n(3). Let q be 4/10 - (-140)/a. Suppose -2*l - 4 = -q*l. Let z(i) = -8*i + 1. Give z(l).
-7
Let z = -2098 + 2099. Let l(w) = 17*w + 1. Determine l(z).
18
Suppose l = 9 - 0. Let i(h) = l*h - 3*h - 3*h - 6. Determine i(5).
9
Let o(w) = 16 - 59*w - 79 + 47*w. What is o(-5)?
-3
Let j = -44 - -47. Suppose -j*b = b + 28. Let f(g) = -g**3 - 8*g**2 - 6*g + 7. Calculate f(b).
0
Suppose 4*s + 0*s - 52 = 0. Suppose 4*z - 37 = b, -2*b = 3*z + z - 46. Let p = s - z. Let l(m) = 2*m - 1. What is l(p)?
5
Suppose 67 = b + 69. Let s(o) = -8*o + 1. Give s(b).
17
Let p(q) = -9*q - 21 - q + 7*q + 6. Give p(-5).
0
Let h(w) = -w - 3. Let m = -154 + 158. Let u(i) = -i**2 - i + 1. Let x(d) = d**3 + d**2 + d - 12. Let b(a) = -4*u(a) - x(a). Let c be b(m). Give h(c).
-7
Suppose -4*a - l + 28 = 0, 3*l + 32 = 2*a - l. Let d = -5 + a. Let g(i) = 3*i**2 - 5*i + 1. Let f(u) = -4*u**2 + 5*u. Let t(r) = 2*f(r) + 3*g(r). What is t(d)?
-3
Let w be 63/270 + (-7)/(-490)*7. Let z(t) be the second derivative of w*t**4 - 5/6*t**3 - 7*t + 1/2*t**2 + 0 + 1/20*t**5. Calculate z(-5).
1
Let x(s) = 22*s**3 + 5*s**2 + 11*s - 2. Let o(h) = 11*h**3 + 3*h**2 + 6*h - 1. Let b(g) = 7*o(g) - 4*x(g). Calculate b(1).
-11
Let l(a) = a**2 - 3*a - 10. Let i be l(5). Suppose i = 6*b - 3*b + 12. Let h(p) = 3*p. What is h(b)?
-12
Let u = 13 - 8. Let m(s) = -s**2 - 3*s + 9. Let h be m(-3). Let b(w) = 1 + 0*w - 3 - w + h. Determine b(u).
2
Suppose 1 - 17 = -4*s. Let n(m) be the third derivative of -1/2*m**3 + 1/8*m**4 + 0 + 0*m + s*m**2. Determine n(-3).
-12
Let k(h) = h**3 + 131*h**2 - 10*h - 1316. Let p be k(-131). Let x(s) = -8*s - 15. Let m(a) = 9*a + 16. Let n(t) = -6*m(t) - 7*x(t). Give n(p).
-3
Let o(x) = -1 - 12859*x + 1 + 12861*x + 5. Give o(0).
5
Let x(r) be the first derivative of -r**4/4 + 13*r**3/3 + 13*r**2/2 + 16*r - 66. Calculate x(14).
2
Let s(v) = -v + 4 + 4*v + 60*v**2 - 2*v - 3*v - 62*v**2. Give s(4).
-36
Let t(j) = 3*j**2 - 4*j**2 - 11*j + 18 + 6 - 2*j + 2*j**2. Calculate t(10).
-6
Let y(s) = 5*s**3 - 8*s**2 - 3*s + 26. Let w(z) = 7*z**3 - 8*z**2 - 3*z + 28. Let g(x) = -2*w(x) + 3*y(x). Give g(8).
-2
Let w